{"id":1151,"date":"2025-10-16T13:00:45","date_gmt":"2025-10-16T10:00:45","guid":{"rendered":"https:\/\/ayvac\u0131kk\u0131l\u0131celektirik.com\/home\/"},"modified":"2025-10-16T13:01:01","modified_gmt":"2025-10-16T10:01:01","slug":"home","status":"publish","type":"page","link":"https:\/\/ayvac\u0131kk\u0131l\u0131celektirik.com\/","title":{"rendered":"Home"},"content":{"rendered":"\n<div class=\"wp-block-uagb-container uagb-block-80f8b66e alignfull uagb-is-root-container\"><div class=\"uagb-container-inner-blocks-wrap\">\n<div class=\"wp-block-uagb-info-box uagb-block-ea1e98f0 uagb-infobox__content-wrap  uagb-infobox-icon-above-title uagb-infobox-image-valign-top wp-block-uagb-info-box--has-margin\"><div class=\"uagb-infobox-margin-wrapper\"><div class=\"uagb-ifb-content\"><div class=\"uagb-ifb-title-wrap\"><h3 class=\"uagb-ifb-title-prefix\">Explore the Colourful World<\/h3><div class=\"uagb-ifb-separator\"><\/div><h1 class=\"uagb-ifb-title\">A Wonderful Gift<gwmw style=\"display:none;\"><gwmw style=\"display:none;\"><\/gwmw><\/gwmw><\/h1><\/div><div class=\"uagb-ifb-button-wrapper wp-block-button\"><a href=\"#\" class=\"uagb-infobox-cta-link wp-block-button__link\" target=\"_self\" rel=\"noopener noreferrer\" onclick=\"return false;\"><span class=\"uagb-inline-editing\">Learn More<\/span><\/a><\/div><\/div><\/div><\/div>\n<\/div><\/div>\n\n\n\n<div class=\"wp-block-uagb-container uagb-layout-grid uagb-block-6f3d1c23 alignfull uagb-is-root-container\"><div class=\"uagb-container-inner-blocks-wrap\">\n<div class=\"wp-block-uagb-image alignleft uagb-block-30761a03 wp-block-uagb-image--layout-default wp-block-uagb-image--effect-static wp-block-uagb-image--align-left\"><figure class=\"wp-block-uagb-image__figure\"><img loading=\"lazy\" decoding=\"async\" srcset=\"https:\/\/ayvac\u0131kk\u0131l\u0131celektirik.com\/wp-content\/uploads\/2022\/08\/quote-1.png ,https:\/\/ayvac\u0131kk\u0131l\u0131celektirik.com\/wp-content\/uploads\/2022\/08\/quote-1.png 780w\" sizes=\"auto, (max-width: 480px) 150px\" src=\"https:\/\/ayvac\u0131kk\u0131l\u0131celektirik.com\/wp-content\/uploads\/2022\/08\/quote-1.png\" alt=\"Quote 1\" class=\"uag-image-322\" width=\"94\" height=\"72\" title=\"Home\" loading=\"lazy\" role=\"img\"><\/figure><\/div>\n\n\n\n<div class=\"wp-block-uagb-testimonial uagb-slick-carousel uagb-tm__arrow-outside uagb-block-5f7b5c65 uagb-post__carousel_notset uagb-post__carousel_notset-tablet uagb-post__carousel_notset-mobile\"><div class=\"is-carousel uagb-tm__columns-1 uagb-tm__items\"><div class=\"uagb-testimonial__wrap  uagb-tm__imgicon-style-circle uagb-tm__image-position-bottom uagb-tm__bg-type-none \"><div class=\"uagb-tm__content\"><div class=\"uagb-tm__overlay\"><\/div><div class=\"uagb-tm__text-wrap\"><div class=\"uagb-tm__desc\">&#8220;Fuerat aestu carentem habentia spectent tonitrua mutastis locavit liberioris.&#8221;<\/div><div class=\"uagb-tm__meta-inner\"><div class=\"uagb-testimonial-details\"><span class=\"uagb-tm__author-name\">-Adam Sendler <\/span><span class=\"uagb-tm__company\">Company Name<\/span><\/div><\/div><\/div><\/div><\/div><\/div><\/div>\n<\/div><\/div>\n\n\n\n<div class=\"wp-block-uagb-container uagb-block-4e5b41fa alignfull uagb-is-root-container\"><div class=\"uagb-container-inner-blocks-wrap\">\n<div class=\"wp-block-uagb-advanced-heading uagb-block-ed3416f6\"><h2 class=\"uagb-heading-text\">Upcoming Events<\/h2><div class=\"uagb-separator\"><\/div><\/div>\n\n\n\n<div class=\"wp-block-uagb-container uagb-block-0c24c3bb\">\n<div class=\"wp-block-uagb-container uagb-block-2f95617e\">\n<div class=\"wp-block-uagb-image aligncenter uagb-block-399e16d2 wp-block-uagb-image--layout-default wp-block-uagb-image--effect-static wp-block-uagb-image--align-center\"><figure class=\"wp-block-uagb-image__figure\"><img loading=\"lazy\" decoding=\"async\" srcset=\"https:\/\/ayvac\u0131kk\u0131l\u0131celektirik.com\/wp-content\/uploads\/2020\/09\/hiking-v1.jpg ,https:\/\/ayvac\u0131kk\u0131l\u0131celektirik.com\/wp-content\/uploads\/2020\/09\/hiking-v1.jpg 780w, https:\/\/ayvac\u0131kk\u0131l\u0131celektirik.com\/wp-content\/uploads\/2020\/09\/hiking-v1.jpg 360w\" sizes=\"auto, (max-width: 480px) 150px\" src=\"https:\/\/ayvac\u0131kk\u0131l\u0131celektirik.com\/wp-content\/uploads\/2020\/09\/hiking-v1.jpg\" alt=\"Hiking V1\" class=\"uag-image-41\" width=\"475\" height=\"297\" title=\"hiking-v1\" loading=\"lazy\" role=\"img\"><\/figure><\/div>\n\n\n\n<div class=\"wp-block-uagb-info-box uagb-block-2935a13f uagb-infobox__content-wrap  uagb-infobox-icon-above-title uagb-infobox-image-valign-top\"><div class=\"uagb-ifb-content\"><div class=\"uagb-ifb-title-wrap\"><h5 class=\"uagb-ifb-title\">Everest Camp Trek<\/h5><\/div><p class=\"uagb-ifb-desc\">Fuerat aestu carentem habentia spectent tonitrua mutastis locavit liberioris inistra possedit.<\/p><div class=\"uagb-ifb-button-wrapper wp-block-button\"><a href=\"#\" class=\"uagb-infobox-cta-link wp-block-button__link\" target=\"_self\" rel=\"noopener noreferrer\" onclick=\"return false;\"><span class=\"uagb-inline-editing\">Learn More<\/span><svg xmlns=\"https:\/\/www.w3.org\/2000\/svg\" viewBox=\"0 0 512 512\"><path d=\"M504.3 273.6l-112.1 104c-6.992 6.484-17.18 8.218-25.94 4.406c-8.758-3.812-14.42-12.45-14.42-21.1L351.9 288H32C14.33 288 .0002 273.7 .0002 255.1S14.33 224 32 224h319.9l0-72c0-9.547 5.66-18.19 14.42-22c8.754-3.809 18.95-2.075 25.94 4.41l112.1 104C514.6 247.9 514.6 264.1 504.3 273.6z\"><\/path><\/svg><\/a><\/div><\/div><\/div>\n<\/div>\n\n\n\n<div class=\"wp-block-uagb-container uagb-block-65b8b623\">\n<div class=\"wp-block-uagb-image aligncenter uagb-block-3235bff2 wp-block-uagb-image--layout-default wp-block-uagb-image--effect-static wp-block-uagb-image--align-center\"><figure class=\"wp-block-uagb-image__figure\"><img loading=\"lazy\" decoding=\"async\" srcset=\"https:\/\/ayvac\u0131kk\u0131l\u0131celektirik.com\/wp-content\/uploads\/2020\/09\/walking-v1.jpg ,https:\/\/ayvac\u0131kk\u0131l\u0131celektirik.com\/wp-content\/uploads\/2020\/09\/walking-v1.jpg 780w, https:\/\/ayvac\u0131kk\u0131l\u0131celektirik.com\/wp-content\/uploads\/2020\/09\/walking-v1.jpg 360w\" sizes=\"auto, (max-width: 480px) 150px\" src=\"https:\/\/ayvac\u0131kk\u0131l\u0131celektirik.com\/wp-content\/uploads\/2020\/09\/walking-v1.jpg\" alt=\"Walking V1\" class=\"uag-image-38\" width=\"475\" height=\"297\" title=\"walking-v1\" loading=\"lazy\" role=\"img\"><\/figure><\/div>\n\n\n\n<div class=\"wp-block-uagb-info-box uagb-block-c27f163a uagb-infobox__content-wrap  uagb-infobox-icon-above-title uagb-infobox-image-valign-top\"><div class=\"uagb-ifb-content\"><div class=\"uagb-ifb-title-wrap\"><h5 class=\"uagb-ifb-title\">Walking Holidays<\/h5><\/div><p class=\"uagb-ifb-desc\">Fuerat aestu carentem habentia spectent tonitrua mutastis locavit liberioris inistra possedit.<\/p><div class=\"uagb-ifb-button-wrapper wp-block-button\"><a href=\"#\" class=\"uagb-infobox-cta-link wp-block-button__link\" target=\"_self\" rel=\"noopener noreferrer\" onclick=\"return false;\"><span class=\"uagb-inline-editing\">Learn More<\/span><svg xmlns=\"https:\/\/www.w3.org\/2000\/svg\" viewBox=\"0 0 512 512\"><path d=\"M504.3 273.6l-112.1 104c-6.992 6.484-17.18 8.218-25.94 4.406c-8.758-3.812-14.42-12.45-14.42-21.1L351.9 288H32C14.33 288 .0002 273.7 .0002 255.1S14.33 224 32 224h319.9l0-72c0-9.547 5.66-18.19 14.42-22c8.754-3.809 18.95-2.075 25.94 4.41l112.1 104C514.6 247.9 514.6 264.1 504.3 273.6z\"><\/path><\/svg><\/a><\/div><\/div><\/div>\n<\/div>\n<\/div>\n<\/div><\/div>\n\n\n\n<div class=\"wp-block-uagb-container uagb-block-0127aa57 alignfull uagb-is-root-container\"><div class=\"uagb-container-inner-blocks-wrap\">\n<div class=\"wp-block-uagb-info-box uagb-block-f36d28c7 uagb-infobox__content-wrap  uagb-infobox-icon-above-title uagb-infobox-image-valign-top\"><div class=\"uagb-ifb-content\"><div class=\"uagb-ifb-title-wrap\"><h2 class=\"uagb-ifb-title\">Explore The World<\/h2><\/div><div class=\"uagb-ifb-separator\"><\/div><p class=\"uagb-ifb-desc\">Diremit mundi mare undae nunc mixtam tanto sibi. Nubes unda concordi. Fert his. Recessit mentes praecipites locum caligine sui egens erat. Silvas caeli regna nunc mixtam tanto.<\/p><div class=\"uagb-ifb-button-wrapper wp-block-button\"><a href=\"#\" class=\"uagb-infobox-cta-link wp-block-button__link\" target=\"_self\" rel=\"noopener noreferrer\" onclick=\"return false;\"><span class=\"uagb-inline-editing\">Learn More<\/span><svg xmlns=\"https:\/\/www.w3.org\/2000\/svg\" viewBox=\"0 0 448 512\"><path d=\"M438.6 278.6l-160 160C272.4 444.9 264.2 448 256 448s-16.38-3.125-22.62-9.375c-12.5-12.5-12.5-32.75 0-45.25L338.8 288H32C14.33 288 .0016 273.7 .0016 256S14.33 224 32 224h306.8l-105.4-105.4c-12.5-12.5-12.5-32.75 0-45.25s32.75-12.5 45.25 0l160 160C451.1 245.9 451.1 266.1 438.6 278.6z\"><\/path><\/svg><\/a><\/div><\/div><\/div>\n<\/div><\/div>\n\n\n\n<div class=\"wp-block-uagb-container uagb-block-68114d61 alignfull uagb-is-root-container\"><div class=\"uagb-container-inner-blocks-wrap\">\n<div class=\"wp-block-uagb-container uagb-block-3f1399b9\">\n<div class=\"wp-block-uagb-info-box uagb-block-727ca6c6 uagb-infobox__content-wrap  uagb-infobox-icon-above-title uagb-infobox-image-valign-top\"><div class=\"uagb-ifb-content\"><div class=\"uagb-ifb-title-wrap\"><h2 class=\"uagb-ifb-title\">Upcoming Tours &amp; Destination<\/h2><\/div><div class=\"uagb-ifb-separator\"><\/div><p class=\"uagb-ifb-desc\">Fuerat aestu carentem habentia spectent tonitrua mutastis locavit liberioris. Sinistra possedit litora ut nabataeaque. Setucant coepyterunt perveniunt animal! Concordi aurea nabataeaque seductaque constaque cepit sublime flexi nullus.<\/p><div class=\"uagb-ifb-button-wrapper wp-block-button\"><a href=\"#\" class=\"uagb-infobox-cta-link wp-block-button__link\" target=\"_self\" rel=\"noopener noreferrer\" onclick=\"return false;\"><span class=\"uagb-inline-editing\">Learn More<\/span><\/a><\/div><\/div><\/div>\n<\/div>\n\n\n\n<div class=\"wp-block-uagb-container uagb-block-1094613c\">\n<div class=\"wp-block-uagb-image uagb-block-30fcdd8d wp-block-uagb-image--layout-default wp-block-uagb-image--effect-static wp-block-uagb-image--align-none\"><figure class=\"wp-block-uagb-image__figure\"><img loading=\"lazy\" decoding=\"async\" srcset=\"https:\/\/ayvac\u0131kk\u0131l\u0131celektirik.com\/wp-content\/uploads\/2021\/02\/outdoor-image-01.jpg ,https:\/\/ayvac\u0131kk\u0131l\u0131celektirik.com\/wp-content\/uploads\/2021\/02\/outdoor-image-01.jpg 780w, https:\/\/ayvac\u0131kk\u0131l\u0131celektirik.com\/wp-content\/uploads\/2021\/02\/outdoor-image-01.jpg 360w\" sizes=\"auto, (max-width: 480px) 150px\" src=\"https:\/\/ayvac\u0131kk\u0131l\u0131celektirik.com\/wp-content\/uploads\/2021\/02\/outdoor-image-01.jpg\" alt=\"Outdoor Image 01\" class=\"uag-image-909\" width=\"360\" height=\"225\" title=\"outdoor-image-01\" loading=\"lazy\" role=\"img\"><\/figure><\/div>\n\n\n\n<div class=\"wp-block-uagb-image uagb-block-d866eef3 wp-block-uagb-image--layout-default wp-block-uagb-image--effect-static wp-block-uagb-image--align-none\"><figure class=\"wp-block-uagb-image__figure\"><img loading=\"lazy\" decoding=\"async\" srcset=\"https:\/\/ayvac\u0131kk\u0131l\u0131celektirik.com\/wp-content\/uploads\/2020\/09\/image-1.jpg , https:\/\/ayvac\u0131kk\u0131l\u0131celektirik.com\/wp-content\/uploads\/2020\/09\/image-1.jpg 360w\" sizes=\"auto, (max-width: 480px) 150px\" src=\"https:\/\/ayvac\u0131kk\u0131l\u0131celektirik.com\/wp-content\/uploads\/2020\/09\/image-1.jpg\" alt=\"Image 1\" class=\"uag-image-54\" width=\"360\" height=\"367\" title=\"Home\" loading=\"lazy\" role=\"img\"><\/figure><\/div>\n<\/div>\n\n\n\n<div class=\"wp-block-uagb-container uagb-block-774d6300\">\n<div class=\"wp-block-uagb-image uagb-block-2d632a7a wp-block-uagb-image--layout-default wp-block-uagb-image--effect-static wp-block-uagb-image--align-none\"><figure class=\"wp-block-uagb-image__figure\"><img loading=\"lazy\" decoding=\"async\" srcset=\"https:\/\/ayvac\u0131kk\u0131l\u0131celektirik.com\/wp-content\/uploads\/2020\/09\/snow-1.jpg , https:\/\/ayvac\u0131kk\u0131l\u0131celektirik.com\/wp-content\/uploads\/2020\/09\/snow-1.jpg 360w\" sizes=\"auto, (max-width: 480px) 150px\" src=\"https:\/\/ayvac\u0131kk\u0131l\u0131celektirik.com\/wp-content\/uploads\/2020\/09\/snow-1.jpg\" alt=\"Snow 1\" class=\"uag-image-57\" width=\"360\" height=\"367\" title=\"Home\" loading=\"lazy\" role=\"img\"><\/figure><\/div>\n\n\n\n<div class=\"wp-block-uagb-image uagb-block-3f321722 wp-block-uagb-image--layout-default wp-block-uagb-image--effect-static wp-block-uagb-image--align-none\"><figure class=\"wp-block-uagb-image__figure\"><img loading=\"lazy\" decoding=\"async\" srcset=\"https:\/\/ayvac\u0131kk\u0131l\u0131celektirik.com\/wp-content\/uploads\/2021\/02\/outdoor-image-04.jpg ,https:\/\/ayvac\u0131kk\u0131l\u0131celektirik.com\/wp-content\/uploads\/2021\/02\/outdoor-image-04.jpg 780w, https:\/\/ayvac\u0131kk\u0131l\u0131celektirik.com\/wp-content\/uploads\/2021\/02\/outdoor-image-04.jpg 360w\" sizes=\"auto, (max-width: 480px) 150px\" src=\"https:\/\/ayvac\u0131kk\u0131l\u0131celektirik.com\/wp-content\/uploads\/2021\/02\/outdoor-image-04.jpg\" alt=\"Outdoor Image 04\" class=\"uag-image-911\" width=\"360\" height=\"218\" title=\"outdoor-image-04\" loading=\"lazy\" role=\"img\"><\/figure><\/div>\n<\/div>\n<\/div><\/div>\n","protected":false},"excerpt":{"rendered":"<p>Upcoming Events<\/p>\n","protected":false},"author":1,"featured_media":0,"parent":0,"menu_order":0,"comment_status":"closed","ping_status":"closed","template":"","meta":{"om_disable_all_campaigns":false,"_uag_custom_page_level_css":"","_monsterinsights_skip_tracking":false,"_monsterinsights_sitenote_active":false,"_monsterinsights_sitenote_note":"","_monsterinsights_sitenote_category":0,"footnotes":""},"class_list":["post-1151","page","type-page","status-publish","hentry"],"aioseo_notices":[],"_hostinger_reach_plugin_has_subscription_block":false,"_hostinger_reach_plugin_is_elementor":false,"uagb_featured_image_src":{"full":false,"thumbnail":false,"medium":false,"medium_large":false,"large":false,"1536x1536":false,"2048x2048":false},"uagb_author_info":{"display_name":"singosingo383@gmail.com","author_link":"https:\/\/ayvac\u0131kk\u0131l\u0131celektirik.com\/?author=1"},"uagb_comment_info":0,"uagb_excerpt":"Upcoming Events","_links":{"self":[{"href":"https:\/\/ayvac\u0131kk\u0131l\u0131celektirik.com\/index.php?rest_route=\/wp\/v2\/pages\/1151","targetHints":{"allow":["GET"]}}],"collection":[{"href":"https:\/\/ayvac\u0131kk\u0131l\u0131celektirik.com\/index.php?rest_route=\/wp\/v2\/pages"}],"about":[{"href":"https:\/\/ayvac\u0131kk\u0131l\u0131celektirik.com\/index.php?rest_route=\/wp\/v2\/types\/page"}],"author":[{"embeddable":true,"href":"https:\/\/ayvac\u0131kk\u0131l\u0131celektirik.com\/index.php?rest_route=\/wp\/v2\/users\/1"}],"replies":[{"embeddable":true,"href":"https:\/\/ayvac\u0131kk\u0131l\u0131celektirik.com\/index.php?rest_route=%2Fwp%2Fv2%2Fcomments&post=1151"}],"version-history":[{"count":3,"href":"https:\/\/ayvac\u0131kk\u0131l\u0131celektirik.com\/index.php?rest_route=\/wp\/v2\/pages\/1151\/revisions"}],"predecessor-version":[{"id":1353,"href":"https:\/\/ayvac\u0131kk\u0131l\u0131celektirik.com\/index.php?rest_route=\/wp\/v2\/pages\/1151\/revisions\/1353"}],"wp:attachment":[{"href":"https:\/\/ayvac\u0131kk\u0131l\u0131celektirik.com\/index.php?rest_route=%2Fwp%2Fv2%2Fmedia&parent=1151"}],"curies":[{"name":"wp","href":"https:\/\/api.w.org\/{rel}","templated":true}]}}